96079
What are the prime factors of 1880300?
2, 5, 18803
List the prime factors of 245679.
3, 7, 11699
List the prime factors of 2210129.
67, 32987
List the prime factors of 823894.
2, 411947
What are the prime factors of 1051324?
2, 433, 607
List the prime factors of 261959.
261959
List the prime factors of 2780844.
2, 3, 11, 21067
List the prime factors of 7592170.
2, 5, 101, 7517
List the prime factors of 7254662.
2, 3627331
What are the prime factors of 31730723?
2843, 11161
List the prime factors of 1719411.
3, 23, 24919
What are the prime factors of 21496283?
23, 157, 5953
What are the prime factors of 522693?
3, 239
List the prime factors of 1204752.
2, 3, 19, 1321
What are the prime factors of 11216037?
3, 7, 389, 1373
List the prime factors of 247493.
37, 6689
What are the prime factors of 1556871?
3, 73, 7109
What are the prime factors of 13009385?
5, 37, 70321
List the prime factors of 115920.
2, 3, 5, 7, 23
What are the prime factors of 1040570?
2, 5, 17, 6121
List the prime factors of 312832.
2, 13, 47
List the prime factors of 16945420.
2, 5, 847271
List the prime factors of 1041822.
2, 3, 59, 109
What are the prime factors of 103191?
3, 11, 53, 59
List the prime factors of 3484408.
2, 23, 29, 653
List the prime factors of 297892.
2, 7, 10639
List the prime factors of 189652.
2, 17, 2789
List the prime factors of 267997.
263, 1019
List the prime factors of 347935.
5, 7, 9941
List the prime factors of 560386.
2, 19, 14747
List the prime factors of 1941251.
13, 31, 4817
What are the prime factors of 22181073?
3, 17, 434923
List the prime factors of 150451.
7, 21493
List the prime factors of 879.
3, 293
List the prime factors of 3695069.
7, 17, 31051
What are the prime factors of 17329713?
3, 31, 6011
What are the prime factors of 304695?
3, 5, 37, 61
List the prime factors of 39664719.
3, 23, 89, 2153
List the prime factors of 4671850.
2, 5, 223, 419
What are the prime factors of 377167?
7, 53881
What are the prime factors of 2183330?
2, 5, 31, 7043
What are the prime factors of 2906695?
5, 11, 41, 1289
List the prime factors of 1019141.
19, 53639
List the prime factors of 35026928.
2, 2189183
List the prime factors of 564216.
2, 3, 23509
What are the prime factors of 13695858?
2, 3, 11, 23057
What are the prime factors of 241920?
2, 3, 5, 7
What are the prime factors of 37313?
37313
What are the prime factors of 5976?
2, 3, 83
List the prime factors of 2537579.
11, 349, 661
What are the prime factors of 369134?
2, 184567
List the prime factors of 4857832.
2, 7, 223, 389
What are the prime factors of 2179738?
2, 11, 99079
List the prime factors of 327276.
2, 3, 9091
What are the prime factors of 30032718?
2, 3, 47, 281, 379
What are the prime factors of 1037975?
5, 41519
What are the prime factors of 216766?
2, 11, 59, 167
What are the prime factors of 20802944?
2, 162523
What are the prime factors of 2183747?
71, 30757
List the prime factors of 692962.
2, 317, 1093
List the prime factors of 134722.
2, 7, 9623
List the prime factors of 285801.
3, 95267
What are the prime factors of 4028361?
3, 19, 29, 2437
What are the prime factors of 902468?
2, 7, 167, 193
What are the prime factors of 1196009?
47, 25447
List the prime factors of 1042375.
5, 31, 269
List the prime factors of 22301.
29, 769
List the prime factors of 7649972.
2, 11, 37, 127
List the prime factors of 1430646.
2, 3, 7, 23, 1481
What are the prime factors of 9101446?
2, 233, 19531
List the prime factors of 2284843.
11, 23, 821
What are the prime factors of 7309449?
3, 7, 157, 739
List the prime factors of 649498.
2, 37, 67, 131
What are the prime factors of 26211085?
5, 5242217
List the prime factors of 3985895.
5, 127, 6277
What are the prime factors of 4659356?
2, 13, 89603
List the prime factors of 430336.
2, 41
What are the prime factors of 16700650?
2, 5, 211, 1583
List the prime factors of 37794395.
5, 29, 260651
List the prime factors of 8555820.
2, 3, 5, 7, 13, 1567
List the prime factors of 4482121.
7, 640303
What are the prime factors of 27907260?
2, 3, 5, 71, 6551
List the prime factors of 914884.
2, 331, 691
What are the prime factors of 675277?
107, 6311
What are the prime factors of 18860431?
31, 608401
What are the prime factors of 260767?
13, 1543
What are the prime factors of 3408539?
109, 31271
List the prime factors of 36248.
2, 23, 197
What are the prime factors of 183223?
43, 4261
What are the prime factors of 44754?
2, 3, 7459
List the prime factors of 290203.
29, 10007
What are the prime factors of 1267280?
2, 5, 7, 31, 73
List the prime factors of 868092.
2, 3, 72341
List the prime factors of 1116334.
2, 558167
What are the prime factors of 270446?
2, 11, 19, 647
What are the prime factors of 105618?
2, 3, 29, 607
What are the prime factors of 299323?
43, 6961
What are the prime factors of 2914502?
2, 1457251
List the prime factors of 412348.
2, 103087
What are the prime factors of 4561987?
829, 5503
What are the prime factors of 5028068?
2, 1257017
List the prime factors of 1387597.
1387597
List the prime factors of 3474230.
2, 5, 263, 1321
What are the prime factors of 751664?
2, 109, 431
List the prime factors of 22647335.
5, 19, 12547
List the prime factors of 5577538.
2, 2788769
List the prime factors of 10575195.
3, 5, 705013
What are the prime factors of 77509?
77509
List the prime factors of 231132.
2, 3, 11, 17, 103
List the prime factors of 7451788.
2, 149, 12503
List the prime factors of 5689995.
3, 5, 379333
List the prime factors of 8148194.
2, 97, 433
List the prime factors of 30270887.
97, 312071
List the prime factors of 16687518.
2, 3, 37, 75169
What are the prime factors of 2295268?
2, 573817
What are the prime factors of 339024?
2, 3, 7, 1009
List the prime factors of 96456.
2, 3, 4019
What are the prime factors of 204001?
7, 151, 193
List the prime factors of 252607.
252607
What are the prime factors of 2604275?
5, 73, 1427
List the prime factors of 1697799.
3, 191, 2963
List the prime factors of 29330261.
29330261
What are the prime factors of 3215045?
5, 643009
List the prime factors of 10809199.
29, 41, 9091
What are the prime factors of 471986?
2, 409, 577
What are the prime factors of 2606104?
2, 199, 1637
What are the prime factors of 118946?
2, 59473
What are the prime factors of 424774?
2, 7, 30341
What are the prime factors of 1794919?
7, 5233
What are the prime factors of 37471451?
17, 29, 263
List the prime factors of 4519451.
359, 12589
List the prime factors of 1206204.
2, 3, 100517
What are the prime factors of 5489710?
2, 5, 79, 6949
List the prime factors of 132301.
13, 10177
List the prime factors of 28376238.
2, 3, 11, 429943
What are the prime factors of 772678?
2, 386339
List the prime factors of 226021.
23, 31, 317
List the prime factors of 842005.
5, 47, 3583
What are the prime factors of 13262810?
2, 5, 11, 97, 113
List the prime factors of 198607.
19, 10453
List the prime factors of 17173516.
2, 1187, 3617
What are the prime factors of 632919?
3, 7, 30139
What are the prime factors of 1451378?
2, 137, 5297
List the prime factors of 7230337.
211, 34267
What are the prime factors of 9327654?
2, 3, 7, 181, 409
List the prime factors of 8790343.
17, 517079
List the prime factors of 2104614.
2, 3, 116923
What are the prime factors of 199077?
3, 66359
What are the prime factors of 972552?
2, 3, 7, 827
List the prime factors of 2098132.
2, 19, 1453
What are the prime factors of 163354?
2, 81677
What are the prime factors of 2348647?
7, 19, 17659
List the prime factors of 3754241.
3754241
What are the prime factors of 26004801?
3, 8668267
List the prime factors of 64131.
3, 21377
List the prime factors of 1407374.
2, 751, 937
List the prime factors of 2185000.
2, 5, 19, 23
What are the prime factors of 988692?
2, 3, 47, 1753
What are the prime factors of 2302738?
2, 1151369
List the prime factors of 106864.
2, 6679
List the prime factors of 3966720.
2, 3, 5, 1033
List the prime factors of 13227916.
2, 13, 254383
List the prime factors of 6031917.
3, 73, 9181
List the prime factors of 289370.
2, 5, 19, 1523
What are the prime factors of 13738050?
2, 3, 5, 30529
What are the prime factors of 991944?
2, 3, 23, 599
List the prime factors of 863687.
11, 78517
What are the prime factors of 179090?
2, 5, 17909
